 7267?
2
What is the tens digit of 357?
5
What is the tens digit of 2915?
1
What is the units digit of 7683?
3
What is the tens digit of 10342?
4
What is the hundreds digit of 1097?
0
What is the ten thousands digit of 20705?
2
What is the tens digit of 14553?
5
What is the hundreds digit of 1689?
6
What is the units digit of 178957?
7
What is the units digit of 29719?
9
What is the hundreds digit of 60011?
0
What is the hundreds digit of 46788?
7
What is the tens digit of 85629?
2
What is the ten thousands digit of 53351?
5
What is the hundreds digit of 110?
1
What is the tens digit of 33537?
3
What is the hundreds digit of 60417?
4
What is the units digit of 6070?
0
What is the hundreds digit of 13439?
4
What is the units digit of 108320?
0
What is the units digit of 455?
5
What is the hundreds digit of 4809?
8
What is the hundreds digit of 1173?
1
What is the units digit of 703?
3
What is the tens digit of 2363?
6
What is the tens digit of 653?
5
What is the ten thousands digit of 83653?
8
What is the thousands digit of 5535?
5
What is the hundreds digit of 1838?
8
What is the tens digit of 271?
7
What is the hundreds digit of 2646?
6
What is the tens digit of 1840?
4
What is the thousands digit of 19586?
9
What is the tens digit of 2649?
4
What is the units digit of 1990?
0
What is the tens digit of 27788?
8
What is the tens digit of 6472?
7
What is the thousands digit of 1414?
1
What is the units digit of 167541?
1
What is the tens digit of 13817?
1
What is the thousands digit of 1480?
1
What is the hundreds digit of 548?
5
What is the thousands digit of 5762?
5
What is the units digit of 14445?
5
What is the tens digit of 11102?
0
What is the ten thousands digit of 50876?
5
What is the ten thousands digit of 35211?
3
What is the thousands digit of 38408?
8
What is the units digit of 223?
3
What is the hundreds digit of 3312?
3
What is the ten thousands digit of 127242?
2
What is the thousands digit of 58691?
8
What is the tens digit of 1041?
4
What is the hundreds digit of 1855?
8
What is the thousands digit of 2625?
2
What is the tens digit of 632?
3
What is the hundreds digit of 961?
9
What is the tens digit of 41809?
0
What is the hundreds digit of 3784?
7
What is the hundreds digit of 7592?
5
What is the units digit of 102990?
0
What is the tens digit of 69525?
2
What is the units digit of 24?
4
What is the ten thousands digit of 11049?
1
What is the thousands digit of 3396?
3
What is the tens digit of 2031?
3
What is the units digit of 96453?
3
What is the tens digit of 4112?
1
What is the thousands digit of 6749?
6
What is the hundreds digit of 808?
8
What is the units digit of 795?
5
What is the units digit of 1066?
6
What is the tens digit of 2637?
3
What is the ten thousands digit of 81632?
8
What is the thousands digit of 3003?
3
What is the units digit of 10904?
4
What is the units digit of 404?
4
What is the hundreds digit of 15233?
2
What is the thousands digit of 11220?
1
What is the thousands digit of 2142?
2
What is the tens digit of 57729?
2
What is the hundreds digit of 28081?
0
What is the hundreds digit of 9349?
3
What is the units digit of 3364?
4
What is the tens digit of 30061?
6
What is the ten thousands digit of 30632?
3
What is the units digit of 303?
3
What is the units digit of 1537?
7
What is the hundreds digit of 9828?
8
What is the thousands digit of 2502?
2
What is the tens digit of 86441?
4
What is the units digit of 52579?
9
What is the hundreds digit of 1925?
9
What is the ten thousands digit of 144464?
4
What is the thousands digit of 110085?
0
What is the hundreds digit of 11841?
8
What is the units digit of 222?
2
What is the tens digit of 1579?
7
What is the hundreds digit of 13583?
5
What is the units digit of 117096?
6
What is the hundreds digit of 9992?
9
What is the tens digit of 155?
5
What is the thousands digit of 8335?
8
What is the tens digit of 12330?
3
What is the tens digit of 1227?
2
What is the tens digit of 4877?
7
What is the tens digit of 1011?
1
What is the thousands digit of 45588?
5
What is the units digit of 177?
7
What is the units digit of 6?
6
What is the thousands digit of 102325?
2
What is the ten thousands digit of 116082?
1
What is the hundreds digit of 18873?
8
What is the units digit of 3677?
7
What is the ten thousands digit of 195108?
9
What is the tens digit of 82247?
4
What is the hundreds digit of 3389?
3
What is the thousands digit of 2174?
2
What is the hundreds digit of 10618?
6
What is the tens digit of 69?
6
What is the hundreds digit of 19572?
5
What is the ten thousands digit of 74238?
7
What is the tens digit of 1054?
5
What is the thousands digit of 1173?
1
What is the tens digit of 385?
8
What is the hundreds digit of 3429?
4
What is the hundreds digit of 55480?
4
What is the ten thousands digit of 11262?
1
What is the ten thousands digit of 66885?
6
What is the units digit of 628?
8
What is the tens digit of 157?
5
What is the thousands digit of 6324?
6
What is the tens digit of 2127?
2
What is the hundreds digit of 27136?
1
What is the units digit of 1791?
1
What is the hundreds digit of 35753?
7
What is the tens digit of 156704?
0
What is the thousands digit of 19885?
9
What is the tens digit of 3255?
5
What is the hundreds digit of 62305?
3
What is the hundreds digit of 2684?
6
What is the tens digit of 21843?
4
What is the ten thousands digit of 46783?
4
What is the thousands digit of 5663?
5
What is the units digit of 36914?
4
What is the hundreds digit of 4011?
0
What is the thousands digit of 23808?
3
What is the ten thousands digit of 46109?
4
What is the tens digit of 827?
2
What is the hundreds digit of 36803?
8
What is the hundreds digit of 3638?
6
What is the units digit of 30836?
6
What is the hundreds digit of 538?
5
What is the thousands digit of 5365?
5
What is the tens digit of 2246?
4
What is the tens digit of 281?
8
What is the units digit of 706?
6
What is the thousands digit of 1845?
1
What is the thousands digit of 58212?
8
What is the units digit of 30989?
9
What is the thousands digit of 2980?
2
What is the thousands digit of 9642?
9
What is the thousands digit of 31839?
1
What is the hundreds digit of 3086?
0
What is the tens digit of 98883?
8
What is the hundreds digit of 764?
7
What is the thousands digit of 4219?
4
What is the hundreds digit of 1700?
7
What is the tens digit of 13018?
1
What is the hundreds digit of 964?
9
What is the ten thousands digit of 31715?
3
What is the hundreds digit of 67343?
3
What is the tens digit of 3169?
6
What is the tens digit of 230?
3
What is the tens digit of 623?
2
What is the tens digit of 35851?
5
What is the tens digit of 4078?
7
What is the thousands digit of 44787?
4
What is the units digit of 1245?
5
What is the ten thousands digit of 19197?
1
What is the tens digit of 130517?
1
What is the hundreds digit of 1510?
5
What is the tens digit of 1328?
2
What is the ten thousands digit of 107631?
0
What is the hundreds digit of 4850?
8
What is the tens digit of 418?
1
What is the thousands digit of 2839?
2
What is the units digit of 20894?
4
What is the units digit of 41845?
5
What is the tens digit of 766?
6
What is the units digit of 977?
7
What is the tens digit of 780?
8
What is the thousands digit of 25571?
5
What is the units digit of 67078?
8
What is the thousands digit of 11619?
1
What is the tens digit of 46934?
3
What is the tens digit of 46?
4
What is the hundreds digit of 442?
4
What is the tens digit of 9700?
0
What is the tens digit of 603?
0
What is the thousands digit of 1432?
1
What is the units digit of 275?
5
What is the tens digit of 1967?
6
What is the tens digit of 24271?
7
What is the thousands digit of 9831?
9
What is the hundreds digit of 86260?
2
What is the ten thousands digit of 12256?
1
What is the tens digit of 31536?
3
What is the tens digit of 1479?
7
What is the thousands digit of 44244?
4
What is the tens digit of 51425?
2
What is the units digit of 14976?
6
What is the thousands digit of 4707?
4
What is the thousands digit of 6665?
6
What is the units digit of 2982?
2
What is the ten thousands digit of 12047?
1
What is the hundreds digit of 1357?
3
What is the tens digit of 1391?
9
What is the units digit of 4690?
0
What is the tens digit of 72?
7
W